50574?
False
Is 9320694 a multiple of 645?
False
Is 5766209 a multiple of 14?
False
Does 54 divide 459961?
False
Is 131 a factor of 416973?
True
Is 9636978 a multiple of 53?
False
Does 47 divide 2274330?
True
Does 184 divide 103592?
True
Is 1729200 a multiple of 240?
True
Is 4959412 a multiple of 861?
False
Is 188 a factor of 322647?
False
Does 2 divide 13393?
False
Does 28 divide 28868?
True
Is 43036 a multiple of 203?
True
Is 1591763 a multiple of 26?
False
Is 5 a factor of 1579722?
False
Does 32 divide 1179552?
True
Is 606908 a multiple of 289?
False
Is 45 a factor of 300717?
False
Is 888 a multiple of 64?
False
Is 143 a factor of 85107?
False
Is 213738 a multiple of 21?
True
Is 262 a factor of 221443?
False
Is 432705 a multiple of 317?
True
Does 40 divide 3820360?
True
Is 60 a factor of 3158940?
True
Is 3119379 a multiple of 81?
False
Is 303273 a multiple of 12?
False
Is 737 a factor of 8108474?
True
Is 326112 a multiple of 344?
True
Is 815385 a multiple of 360?
False
Is 701 a factor of 11054548?
False
Does 30 divide 74043?
False
Does 609 divide 1264738?
False
Is 10106554 a multiple of 833?
False
Is 17 a factor of 923168?
True
Does 104 divide 336336?
True
Is 733893 a multiple of 195?
False
Is 119156 a multiple of 11?
False
Does 97 divide 611686?
False
Does 9 divide 27810?
True
Is 25 a factor of 1083675?
True
Is 117 a factor of 87833?
False
Does 31 divide 696582?
False
Is 55 a factor of 7632680?
True
Is 129500 a multiple of 28?
True
Does 680 divide 1274399?
False
Is 10 a factor of 3082357?
False
Does 5 divide 50760?
True
Does 233 divide 28426?
True
Does 138 divide 84594?
True
Is 1317470 a multiple of 77?
True
Is 2138707 a multiple of 137?
True
Does 701 divide 3894756?
True
Is 195 a factor of 5680545?
True
Is 13937 a multiple of 24?
False
Is 6258112 a multiple of 655?
False
Is 706128 a multiple of 451?
False
Is 59 a factor of 15994121?
False
Is 287561 a multiple of 26?
False
Is 790764 a multiple of 548?
True
Is 547077 a multiple of 483?
False
Is 205536 a multiple of 204?
False
Is 26969846 a multiple of 230?
False
Does 4 divide 128881?
False
Does 36 divide 851014?
False
Does 14 divide 39851?
False
Does 16 divide 267206?
False
Does 38 divide 2901422?
False
Is 33 a factor of 1034220?
True
Does 3 divide 182070?
True
Does 68 divide 27072?
False
Is 80 a factor of 405084?
False
Is 602938 a multiple of 7?
True
Is 1536738 a multiple of 21?
True
Is 10 a factor of 547895?
False
Is 51 a factor of 6003721?
False
Does 589 divide 4742009?
False
Is 23 a factor of 659594?
True
Is 33 a factor of 337458?
True
Is 117 a factor of 91377?
True
Is 5060 a multiple of 91?
False
Is 51 a factor of 52836?
True
Does 16 divide 1094112?
True
Does 106 divide 5373564?
True
Is 475 a factor of 171589?
False
Is 43032 a multiple of 66?
True
Does 29 divide 124867?
False
Does 19 divide 1034626?
True
Is 2737208 even?
True
Does 26 divide 25766?
True
Is 36 a factor of 10129541?
False
Does 14 divide 208887?
False
Does 29 divide 63101?
False
Is 532 a factor of 252224?
False
Does 103 divide 170259?
True
Is 11 a factor of 1971154?
False
Does 148 divide 5570723?
False
Is 51 a factor of 6382127?
False
Does 186 divide 124806?
True
Is 329 a factor of 1510791?
False
Does 56 divide 294993?
False
Does 112 divide 5047930?
False
Is 5 a factor of 6571?
False
Is 778 a factor of 80134?
True
Is 13 a factor of 162258?
False
Is 428940 a multiple of 18?
True
Does 9 divide 2816074?
False
Is 3943898 a multiple of 511?
True
Does 1959 divide 13564275?
False
Is 404914 a multiple of 209?
False
Is 6413654 a multiple of 26?
True
Is 14 a factor of 264866?
True
Is 36266 a multiple of 103?
False
Is 6114392 a multiple of 4?
True
Does 148 divide 49728?
True
Is 16657 a multiple of 53?
False
Is 163908 a multiple of 174?
True
Does 77 divide 1008570?
False
Does 205 divide 7740205?
False
Is 150 a factor of 1268400?
True
Is 395443 a multiple of 255?
False
Is 195 a factor of 207943?
False
Is 244 a factor of 754140?
False
Is 733124 a multiple of 14?
True
Does 5 divide 1955529?
False
Is 27 a factor of 148392?
True
Is 168784 a multiple of 154?
True
Does 299 divide 275081?
False
Is 4 a factor of 1101262?
False
Does 944 divide 7455899?
False
Is 346 a factor of 382676?
True
Is 5 a factor of 88490?
True
Is 81 a factor of 6896706?
False
Does 7 divide 53286?
False
Does 9 divide 754?
False
Is 771 a factor of 1370838?
True
Does 137 divide 3559828?
False
Does 24 divide 11557?
False
Is 460 a factor of 976580?
True
Does 11 divide 197720?
False
Does 101 divide 884866?
False
Does 9 divide 1705680?
True
Is 12 a factor of 1758396?
True
Does 632 divide 33832?
False
Does 772 divide 847045?
False
Is 267 a factor of 2816049?
True
Is 485 a factor of 3149624?
False
Does 6 divide 104514?
True
Is 73 a factor of 1215859?
False
Does 40 divide 6068720?
True
Is 1254465 a multiple of 183?
True
Is 431718 a multiple of 14?
True
Is 355041 a multiple of 76?
False
Is 1600448 a multiple of 32?
True
Is 72828 a multiple of 14?
True
Does 135 divide 2010631?
False
Is 113 a factor of 882019?
False
Is 198109 a multiple of 9?
False
Is 15195278 a multiple of 142?
True
Does 13 divide 1298301?
False
Is 20 a factor of 550315?
False
Does 1090 divide 4902820?
True
Is 63 a factor of 189690?
False
Is 49 a factor of 10404?
False
Is 687089 a multiple of 13?
True
Is 140 a factor of 10076644?
False
Is 922003 a multiple of 37?
True
Is 26 a factor of 1137422?
True
Is 100 a factor of 356900?
True
Is 361410 a multiple of 159?
False
Is 22 a factor of 917422?
True
Is 163 a factor of 3793208?
False
Is 89680 a multiple of 40?
True
Is 51 a factor of 545190?
True
Is 26288 a multiple of 62?
True
Is 509675 a multiple of 183?
False
Is 13 a factor of 1857466?
True
Is 614680 a multiple of 55?
True
Does 247 divide 3351150?
False
Does 200 divide 1481600?
True
Is 28 a factor of 3015882?
False
Is 40 a factor of 69750?
False
Is 116 a factor of 1616576?
True
Does 17 divide 114011?
False
Is 151 a factor of 2365932?
False
Is 18584926 a multiple of 25?
False
Does 15 divide 65625?
True
Is 58 a factor of 701104?
True
Is 53550 a multiple of 18?
True
Is 6263918 a multiple of 37?
False
Is 53 a factor of 39439?
False
Does 165 divide 326438?
False
Does 16 divide 439863?
False
Is 111 a factor of 390720?
True
Is 2 a factor of 409199?
False
Is 41 a factor of 1462880?
True
Is 113 a factor of 211762?
True
Is 167 a factor of 52772?
True
Is 85 a factor of 2035240?
True
Is 109 a factor of 8829327?
True
Does 173 divide 1340612?
False
Is 1159 a factor of 18601950?
True
Is 85 a factor of 2533898?
False
Does 265 divide 10666780?
True
Is 105634 a multiple of 28?
False
Is 11729 a multiple of 13?
False
Is 18 a factor of 318207?
False
Does 442 divide 845692?
False
Does 93 divide 1448277?
False
Does 120 divide 3330603?
False
Is 40 a factor of 218602?
False
Does 12 divide 315702?
False
Does 76 divide 26986?
False
Is 226 a factor of 12590912?
True
Is 81 a factor of 2084087?
False
Is 161 a factor of 90803?
False
Is 101952 a multiple of 236?
True
Is 288030 a multiple of 87?
False
Does 44 divide 3352756?
True
Does 37 divide 7275055?
False
Does 22 divide 309386?
True
Does 74 divide 228635?
False
Does 10 divide 88650?
True
Is 465016 a multiple of 24?
False
Is 327129 a multiple of 11?
True
Does 12 divide 4626483?
False
Does 183 divide 3120519?
False
Does 2634 divide 24377670?
True
Does 6 divide 1140090?
True
Does 27 divide 403966?
False
Does 21 divide 1259646?
False
Is 28 a factor of 622550?
False
Is 192 a factor of 77184?
True
Is 362796 a multiple of 16?
False
Is 325600 a multiple of 11?
True
Does 534 divide 95052?
True
Is 4 a factor of 49428?
True
Is 51 a factor of 42398?
False
Is 1719142 a multiple of 15?
False
Is 91 a factor of 2129582?
True
Is 55 a factor of 6966245?
True
Is 55 a factor of 18710?
False
Does 5 divide 119020?
True
Is 26 a factor of 6011593?
False
Is 37 a factor of 312613?
True
Is 542168 a multiple of 19?
False
Is 48762 a multiple of 7?
True
Is 200 a factor of 254200?
True
Is 3252902 a multiple of 22?
False
Is 269 a factor of 276158?
False
Is 5 a factor of 426520?
True
Is 721215 a multiple of 55?
True
Is 17 a factor of 173167?
False
Is 26946 a multiple of 18?
True
Is 345 a factor of 2511945?
True
Is 112 a factor of 2142592?
False
Is 207 a factor of 1171578?
False
Is 374612 a multiple of 163?
False
Is 1262799 